?
3
Suppose 28*s - 8782 = 7066. What is the tens digit of s?
6
What is the units digit of (8/(-16))/((-1)/1744)?
2
Suppose -23 - 39 = -2*n + 4*w, 2*w = -3*n + 77. What is the units digit of n?
7
Suppose 5*l - 5*c - 3 = -48, 3*c - 9 = 0. What is the units digit of 31/(-5)*(-11 - l)?
1
Let g(z) = -z**3 + z**2 - z + 3. Let b be g(0). Let n be 1 - (b - (1 + 3)). Suppose -330 = -5*q + 5*u, -u - n = 3. What is the tens digit of q?
6
Suppose 2 = 9*v - 10*v. Let c be (v + -57)/1 + 1. Let o = 84 + c. What is the units digit of o?
6
Let a(m) = m**2 + 5*m + 2. Let u be a(-6). Let f be (-4)/u*(-2 - 2). Suppose -x + f - 1 = 0. What is the units digit of x?
1
What is the hundreds digit of (1825/15)/((11/(-6))/(-11))?
7
Let v be 2/(-3) - (-28)/42. Let f be 36/2 - (2 - v). Suppose f = 5*q - 29. What is the units digit of q?
9
Let p(a) be the second derivative of a**3/6 - 2*a**2 - 8*a. Let z be p(6). Suppose 3*j - j = z*t + 32, -4*t = 5*j - 89. What is the tens digit of j?
1
Let v be (0 + (-4)/6)/(1/(-6)). Let x(l) = -l + 9. Let f be x(4). What is the units digit of (v - 21/3) + f?
2
Suppose -18*m = -15*m. Let o be m*(-5)/(-40)*4. Suppose 3*w - 9*w + 72 = o. What is the tens digit of w?
1
Suppose 3*n = 35 + 46. What is the tens digit of 1 + n + 3 - -2?
3
What is the units digit of -5 - 519/(-57) - (-2)/(-19)?
4
Let l = 510 + -180. What is the units digit of l?
0
What is the hundreds digit of 0/56 + 3*1 - -2884?
8
What is the tens digit of (1*2 - 1196/260)*-845?
9
Suppose -505 - 329 = -6*b. What is the hundreds digit of b?
1
Suppose -5*p - 3*a - 8 + 1 = 0, 4*a + 11 = -5*p. What is the tens digit of 4 + (-1 - (-84 - p))?
8
Suppose 25*g - 34207 = 45868. What is the units digit of g?
3
Let i = -19 + 23. Suppose 5 + 2 = r - 4*v, -v - i = -r. Suppose y - 89 = -4*o, -o - r*o = 5*y - 413. What is the tens digit of y?
8
Let y(t) = -8*t + 18. Let u be y(2). What is the tens digit of (u + (-420)/(-8))*(2 - 0)?
0
Suppose -o + 3*y = -4*o + 1671, -1111 = -2*o - 3*y. Suppose w + 0*w - o = -5*i, 437 = 4*i + 3*w. What is the hundreds digit of i?
1
What is the tens digit of ((-326)/(-2))/((-1)/9*-3)?
8
Let r(h) be the second derivative of 0 + 11/12*h**4 - 2*h + h**2 + 2*h**3 - 1/20*h**5. What is the units digit of r(12)?
2
Let r(d) = -d + 36. Suppose 0 = 2*k + 7*k + 27. What is the tens digit of r(k)?
3
Suppose 2*t - 437 - 1147 = -3*p, t + 2*p - 791 = 0. What is the hundreds digit of t?
7
Let p be (1 + 2)/(-1 + 0). Let h be 6/p + -1 + 3. Suppose -2*l + 3*l = v + 48, -3*l - v + 156 = h. What is the units digit of l?
1
Let k = -124 + 1532. What is the thousands digit of k?
1
What is the thousands digit of -5*18/(-60)*(-13816)/(-12)?
1
Let f(h) = 4*h**2 - 3*h + 3 + 2*h**2 - 5*h**2. Let r be f(2). What is the units digit of r*(-1 - 0)*-21?
1
Suppose -3*u + 8144 = 2*a, 2818 - 10966 = -2*a - 4*u. What is the tens digit of a?
6
What is the hundreds digit of 19/(57/18) + 460?
4
Suppose -46 + 116 = -5*p. Let j(q) = q - 14. Let i be j(11). What is the units digit of (-1 + 10)/(i/p)?
2
Let u = 1375 + 371. What is the hundreds digit of u?
7
Let h = 881 - -106. What is the hundreds digit of h?
9
Let n(i) = -i**2 + 8*i + 21. Let w be n(11). Let y be 14/(-4)*w/21. Suppose -3*s + y = -7, 3*h + 5*s - 171 = 0. What is the units digit of h?
2
Let q(u) = -u**3 + 12*u**2 + 15*u - 24. Let a be (-1 + 2 + 0)*13. What is the units digit of q(a)?
2
Let f = 1279 + 733. What is the tens digit of f?
1
Let t(f) = -2*f - 7. Let o be t(-5). Suppose -o*s + 5*s = 0. Suppose 5*d - 52 - 213 = s. What is the units digit of d?
3
Suppose 5*p - 4*p = 12. Let a = p - -67. What is the units digit of a?
9
Let a = 1400 + -1327. What is the tens digit of a?
7
Let x = -29 - 63. Let n = x + 161. What is the tens digit of n?
6
Suppose 46*w = 2*w + 21252. What is the hundreds digit of w?
4
Let s be (-2)/(-8) + (-1313)/4. What is the tens digit of ((-5)/(10/3))/(4/s)?
2
Let h = 1087 - 566. What is the tens digit of h?
2
Suppose 0 = p + 13 - 2. Let r = p + 14. Suppose r*n - 92 = -n. What is the tens digit of n?
2
Suppose 3*h - 4*h = -4. Suppose h*s = 5*s + 5. Let o(a) = a**3 + 5*a**2 - 7*a - 5. What is the units digit of o(s)?
0
What is the hundreds digit of 3/(99/31306)*6/4?
4
Let d = -20 - -56. Suppose -d = -p + 9. Let z = -15 + p. What is the units digit of z?
0
Suppose 15*m - 10848 = -9*m. What is the units digit of m?
2
Let c(y) = -y**3 + 6*y**2 + 4*y + 5. Let z be (1 - 16/20)*10 + 2. What is the units digit of c(z)?
3
Let n = 13 + -5. Let l(x) = 0*x - n + 2*x + 2. What is the units digit of l(12)?
8
Let d = -82 - -84. What is the tens digit of 14 - 10 - (-31 + d)*1?
3
Let a(f) = f**3 - 2*f**2 + f. Suppose 0 = -5*u + 50 - 20. Let m = -3 + u. What is the tens digit of a(m)?
1
Suppose 5*j = 7434 - 1604. What is the thousands digit of j?
1
Suppose -2*y + 18 = y. Suppose -5*k - 33 = -3. What is the units digit of 2/y - 10/k?
2
Let i(l) = l - 9. Let t be i(16). Let w(x) = -2*x + 17. What is the units digit of w(t)?
3
Let d be ((-8)/12)/(2/(-9)). Suppose -5*z = d*k - 31 - 33, -5*k - z + 92 = 0. Let b = -10 + k. What is the units digit of b?
8
Let w(n) = -29*n - 15. Let r(p) = 6*p + 3. Let b be 11*(4 + -3 + -2). Let j(l) = b*r(l) - 2*w(l). What is the tens digit of j(-5)?
3
Suppose 5*k = -15, 3*d - 2747 = 5*k + 1273. What is the tens digit of d?
3
Suppose 8*l - 4*l = -4*l. Suppose l = -3*m - 4*m + 84. What is the units digit of m?
2
Let j(f) = -35*f - 119. What is the hundreds digit of j(-10)?
2
Let h(c) = 37*c**2 + 19*c - 41. What is the hundreds digit of h(3)?
3
Let c be (-3)/1*(-4 + 3). Suppose 0 = -2*h + 4*h + 6, c*n - 93 = -2*h. What is the units digit of n?
3
Let n(r) = -r**3 + 6*r**2 - 3*r - 6. Let w be n(5). Suppose w*m - 3*s + 5 = 0, -1 = 3*s - 10. What is the units digit of m?
1
What is the units digit of 2710/8 + 47/188?
9
Let b(v) = 3*v**2 - 4*v - 1. Let t be b(5). Let n = t + -118. Let r = n + 115. What is the tens digit of r?
5
Let x(r) = -r**3 - 9*r**2 + 15*r + 17. What is the tens digit of x(-13)?
9
Let t(z) be the first derivative of -2*z**3/3 - 3*z - 4. Let f(d) be the first derivative of t(d). What is the tens digit of f(-6)?
2
Let p(c) = 197*c - 26. Let t be p(3). Suppose 4*d = t + 415. What is the units digit of d?
5
Let s = -1419 - -3137. What is the tens digit of s?
1
Let q = -74 - -74. Suppose -654 = -4*b - 2*x, -b + 2*x + 151 = -q*b. What is the units digit of b?
1
Let g = 28 - -57. Let y = g + -35. What is the tens digit of y?
5
Suppose -120 - 40 = -4*l. Let i = -340 + l. What is the tens digit of (3/4)/((-5)/i)?
4
Let b = 177 + -59. What is the hundreds digit of b?
1
Let c = 42 - 38. Suppose -1743 = -3*d - c*d. What is the hundreds digit of d?
2
Suppose -4*f + 450 = 46. Suppose -z - f = -t, -4*t = -3*t + 2*z - 98. What is the tens digit of (-10 + 2)*t/(-16)?
5
Suppose 5*n - c - 28 = 0, 4*n - n - 8 = 5*c. Let a(o) be the third derivative of o**4/8 + 2*o**3/3 + 3*o**2. What is the units digit of a(n)?
2
Suppose -v + 11 = -4. Suppose -36 = b + v. Let p = 71 + b. What is the tens digit of p?
2
Let i(u) = -u**3 + u**2 + 7*u + 4. Let h be i(5). Let y = -35 - h. What is the tens digit of y?
2
Let l = -62 - -37. Let t = 38 + l. Suppose t*n = 18*n - 195. What is the tens digit of n?
3
Let j(p) = -4*p**2 + 10*p - 4. Let u(t) = 3*t**2 - 11*t + 3. Let d(g) = -4*j(g) - 5*u(g). What is the units digit of d(-15)?
1
Let q(v) = 45*v**2 + 19*v - 8. What is the tens digit of q(-6)?
9
Let w(d) = 7*d**2 + 12*d + 98. What is the thousands digit of w(-13)?
1
What is the units digit of 15285/(-20)*16/(-12)?
9
Let s(k) be the third derivative of -k**6/120 + k**5/10 + k**4/8 + k**3/2 + 2*k**2. Let u be s(6). Let d = -13 + u. What is the units digit of d?
8
Let u(y) = -y**2 + 5*y - 4. Let s be u(4). Suppose -n - 32 = -s*n - 2*z, -z = n + 32. Let l = 53 + n. What is the units digit of l?
1
Let l(s) = -171*s + 31. Let y be l(-6). Suppose 5*k - y = -2*k. What is the units digit of k?
1
Suppose 0 = 5*h - 2*h + 15, -t - 4*h = -29. Suppose 3*o + 196 = 7*o - 5*d, -o + t = 5*d. Let a = o + -18. What is the tens digit of a?
3
Let x(h) = 4*h**3 + 2*h**2 - 2*h. Let u be x(1). Suppose u*b - 53 = -9. What is the tens digit of b?
1
What is the tens digit of (-2)/(-8) - 2082/(-24)?
8
Let g(d) = -d**2 - 11*d + 16. Let z be g(-12). Suppose 1